mainder when 1688157 is divided by 518.
513
Calculate the remainder when 1321131 is divided by 660471.
189
What is the remainder when 72943612 is divided by 24314502?
106
Calculate the remainder when 123453 is divided by 24688.
13
What is the remainder when 171219 is divided by 34?
29
What is the remainder when 1447762 is divided by 3670?
1782
Calculate the remainder when 207082 is divided by 2931.
1912
Calculate the remainder when 16993739 is divided by 3109.
3054
Calculate the remainder when 85533 is divided by 473.
393
Calculate the remainder when 8959425 is divided by 38.
13
Calculate the remainder when 16687 is divided by 345.
127
What is the remainder when 1800348 is divided by 886?
882
What is the remainder when 1213560 is divided by 110?
40
What is the remainder when 489619 is divided by 407?
405
Calculate the remainder when 16255 is divided by 15696.
559
Calculate the remainder when 38905675 is divided by 262.
247
What is the remainder when 22034 is divided by 3816?
2954
Calculate the remainder when 206106 is divided by 476.
474
Calculate the remainder when 109227 is divided by 3930.
3117
Calculate the remainder when 12586324 is divided by 314658.
4
Calculate the remainder when 639168 is divided by 675.
618
What is the remainder when 182227 is divided by 36?
31
Calculate the remainder when 1406041 is divided by 72.
25
Calculate the remainder when 13083408 is divided by 3054.
72
What is the remainder when 164792365 is divided by 274?
271
What is the remainder when 447301 is divided by 2662?
85
Calculate the remainder when 17708721 is divided by 5902899.
24
Calculate the remainder when 1261450 is divided by 28022.
460
Calculate the remainder when 2463055 is divided by 615760.
15
What is the remainder when 3220108 is divided by 230003?
66
Calculate the remainder when 53242 is divided by 1123.
461
What is the remainder when 2927099 is divided by 22?
21
What is the remainder when 4302025 is divided by 1433877?
394
Calculate the remainder when 73681918 is divided by 156.
154
Calculate the remainder when 40680306 is divided by 1359.
0
Calculate the remainder when 8255 is divided by 1171.
58
What is the remainder when 3143256 is divided by 27?
24
Calculate the remainder when 3034793 is divided by 758690.
33
Calculate the remainder when 55162441 is divided by 866.
839
Calculate the remainder when 5828352 is divided by 74722.
36
Calculate the remainder when 138900 is divided by 38.
10
What is the remainder when 26910209 is divided by 2990021?
20
Calculate the remainder when 19153938 is divided by 4788482.
10
What is the remainder when 2040590 is divided by 679893?
911
Calculate the remainder when 414685 is divided by 10114.
11
What is the remainder when 2862528045 is divided by 16047?
16044
What is the remainder when 62619323 is divided by 9?
5
What is the remainder when 46027 is divided by 7285?
2317
What is the remainder when 426157889 is divided by 63?
59
Calculate the remainder when 79081 is divided by 198.
79
What is the remainder when 10988578 is divided by 62435?
18
Calculate the remainder when 11610282 is divided by 8789.
13
Calculate the remainder when 143317403 is divided by 5885.
5883
What is the remainder when 1377701 is divided by 2417?
11
What is the remainder when 978469 is divided by 68?
17
What is the remainder when 611945 is divided by 984?
881
What is the remainder when 57112 is divided by 305?
77
What is the remainder when 23898 is divided by 7416?
1650
Calculate the remainder when 122430 is divided by 326.
180
Calculate the remainder when 3428509 is divided by 4291.
0
Calculate the remainder when 506407 is divided by 50385.
2557
Calculate the remainder when 1361337 is divided by 393.
378
Calculate the remainder when 276215 is divided by 492.
203
Calculate the remainder when 17177830 is divided by 319.
318
Calculate the remainder when 2344459 is divided by 287.
243
Calculate the remainder when 718090 is divided by 51270.
310
What is the remainder when 1123937 is divided by 306?
305
Calculate the remainder when 606366 is divided by 333.
306
Calculate the remainder when 348516 is divided by 38160.
5076
Calculate the remainder when 55236760 is divided by 27618378.
4
Calculate the remainder when 13736 is divided by 258.
62
Calculate the remainder when 24496217 is divided by 51.
50
Calculate the remainder when 29445095 is divided by 2692.
2691
Calculate the remainder when 16607 is divided by 371.
283
Calculate the remainder when 1608792 is divided by 100464.
1368
Calculate the remainder when 1253488 is divided by 417825.
13
Calculate the remainder when 3189924 is divided by 43106.
80
What is the remainder when 1357768 is divided by 1357760?
8
What is the remainder when 63386 is divided by 30856?
1674
Calculate the remainder when 27778196 is divided by 8377.
64
Calculate the remainder when 1130112 is divided by 102729.
93
What is the remainder when 300895 is divided by 300879?
16
What is the remainder when 2043528 is divided by 16?
8
Calculate the remainder when 106742294 is divided by 1447.
1445
Calculate the remainder when 40341369 is divided by 24.
9
Calculate the remainder when 114169658 is divided by 448.
442
Calculate the remainder when 4183746 is divided by 250.
246
Calculate the remainder when 22104419 is divided by 10.
9
What is the remainder when 600231 is divided by 129?
123
What is the remainder when 141171955 is divided by 1843?
1841
What is the remainder when 97488 is divided by 361?
18
Calculate the remainder when 246064 is divided by 9077.
985
Calculate the remainder when 289227 is divided by 2147.
1529
What is the remainder when 181952 is divided by 490?
162
What is the remainder when 3199614 is divided by 28?
26
Calculate the remainder when 170256237 is divided by 1494.
1491
What is the remainder when 47493373 is divided by 4?
1
What is the remainder when 184504389 is divided by 23?
22
What is the remainder when 16699 is divided by 4182?
4153
Calculate the remainder when 1875143 is divided by 937570.
3
Calculate the remainder when 1025081 is divided by 477.
8
What is the remainder when 22243648 is divided by 671?
669
Calculate the remainder when 588718 is divided by 1574.
42
What is the remainder when 1768177 is divided by 2302?
241
Calculate the remainder when 50215912 is divided by 4285.
4282
What is the remainder when 14183329 is divided by 184199?
6
Calculate the remainder when 5990710 is divided by 143.
11
What is the remainder when 291739 is divided by 120?
19
What is the remainder when 1916333 is divided by 4446?
107
Calculate the remainder when 25537839 is divided by 3100.
39
Calculate the remainder when 469937365 is divided by 15.
10
What is the remainder when 2477896 is divided by 2477893?
3
What is the remainder when 161340397 is divided by 1023?
1021
What is the remainder when 1105604 is divided by 2507?
17
Calculate the remainder when 9216288 is divided by 357.
333
What is the remainder when 147390 is divided by 440?
430
What is the remainder when 7534607 is divided by 9325?
7
Calculate the remainder when 101095 is divided by 96182.
4913
What is the remainder when 25030 is divided by 2118?
1732
Calculate the remainder when 94840 is divided by 47189.
462
Calculate the remainder when 3596952 is divided by 13224.
24
What is the remainder when 3429658 is divided by 15?
13
What is the remainder when 213041488 is divided by 717?
712
Calculate the remainder when 155155 is divided by 158.
157
Calculate the remainder when 558736 is divided by 7291.
4620
Calculate the remainder when 22123379 is divided by 136.
123
Calculate the remainder when 5077785 is divided by 5077755.
30
What is the remainder when 10040433 is divided by 342?
339
Calculate the remainder when 132161 is divided by 2642.
61
What is the remainder when 9182586 is divided by 11?
6
Calculate the remainder when 7396978 is divided by 14.
8
What is the remainder when 5494589 is divided by 632?
613
Calculate the remainder when 274611 is divided by 8498.
2675
What is the remainder when 1661994 is divided by 543?
414
Calculate the remainder when 3640490 is divided by 606746.
14
What is the remainder when 1632941 is divided by 469?
352
Calculate the remainder when 47933855 is divided by 16.
15
Calculate the remainder when 9544 is divided by 6471.
3